= -y. Let v(s) = n(s) - 2*p(s). What is the units digit of v(l)?
1
Let m be (6/4)/((-6)/(-16)). Suppose 0 = -m*j - j + 25. Suppose s - 2*p = p - 14, -j*s - 5*p = -30. What is the units digit of s?
1
Suppose 4*v - 3*u = -2*u + 24, -30 = -5*v - 2*u. Suppose -3*d = -v*d + 63. What is the tens digit of d?
2
Suppose 0*t + 5*x - 8 = t, 0 = -4*t + 2*x + 22. Let q = 26 - t. What is the tens digit of q?
1
Suppose -1856 = -46*f + 38*f. What is the tens digit of f?
3
Let f(c) = c**3 - 3*c**2 + 7*c + 2. What is the tens digit of f(4)?
4
Suppose 0 = -3*y - 4*o, -8 = -4*y - 2*o + 2. Let g(i) = -i + 5. What is the units digit of g(y)?
1
Let z(y) be the second derivative of -y**5/5 - y**4/12 + 2*y. Let k be z(-1). Suppose 2*h + k*h = 15. What is the units digit of h?
3
Let s(u) = -u**3 + 13*u**2 + 22*u - 19. What is the units digit of s(14)?
3
Suppose 3*c + 20 = z + 4*c, 4*c = -z + 26. What is the tens digit of z?
1
Let u be ((-2)/1)/(1/(-2)). Suppose n - u = -2. Suppose -6 = -i - n. What is the units digit of i?
4
Let l(r) = 2*r. Let u be l(1). Suppose -3*i + 0*f - 3*f = -3, -6 = -u*i - 4*f. What is the units digit of 6 + (-1)/i*0?
6
Let t be 2 + 22 + 1 + 1. Let b = -27 + 12. Let m = b + t. What is the units digit of m?
1
Let g(u) = -u**3 + 8*u**2. Let k be g(8). Suppose v = -k*v. Suppose -4*j + 20 = -v*j. What is the units digit of j?
5
Let z(f) = f**2 + f - 2. Let d be z(-2). Let n be -2*(d + 2 - 1). What is the units digit of (14 + n)*2/3?
8
Let g(o) = -o + 52. What is the units digit of g(-24)?
6
Let j = -19 - 8. Let l = -40 + 78. Let x = j + l. What is the tens digit of x?
1
Suppose -435 = -2*j - j - 3*i, 5*j + 4*i = 724. What is the hundreds digit of j?
1
Suppose 2*b = -h + 235, 0*h - 119 = -b + h. What is the hundreds digit of b?
1
Let f(t) = 8 - 3*t + 4*t - 12. Let z be f(4). Suppose z = -4*a + 18 + 2. What is the units digit of a?
5
Let n(s) = -12*s + 2. What is the tens digit of n(-4)?
5
Suppose 0*k + 5*k = 15. Suppose -42 = -k*p + 3*g, -5*p + 3*g = 5*g - 84. Let f = -10 + p. What is the units digit of f?
6
Let m(i) = -98*i + 2. Let d be m(-2). Suppose -f + 2*f = -2, -5*y + 4*f + d = 0. Suppose -2*k + 7*j = 3*j - y, 0 = -4*k + j + 48. What is the units digit of k?
1
Let z(h) = -h**2 + h - 1. Let p(o) = -o**3 + 7*o**2 - 3*o + 6. Let m(w) = -p(w) - 4*z(w). What is the tens digit of m(4)?
1
Let t be 0 - (-1 + 1) - 38. What is the units digit of -3 + 0 + 1 - t?
6
Let m(r) = -r - 3. Let s be m(-4). Let k(x) = 2*x - 5. Let f be k(6). Suppose -3*j - s = -f. What is the units digit of j?
2
What is the hundreds digit of ((-2)/(-8))/((-2)/(-808))?
1
Suppose -3*j + 1 = 5*n - 0*n, -6 = -2*j + 2*n. Suppose 0 = -j*m - 6 - 6. What is the units digit of (-1)/(-2) + (-9)/m?
2
Let z(j) = -23*j - 23. Let s(k) = 11*k + 11. Let i(g) = 5*s(g) + 2*z(g). What is the tens digit of i(5)?
5
Suppose d = 7 + 1. Let t = d - 9. What is the units digit of (-2)/(-1)*t + 3?
1
Let m(o) = -o - 1. Let x be m(-7). Let c(r) = r**3 - 7*r**2 + 7*r - 3. Let s be c(x). Suppose -s = 4*d - 19. What is the units digit of d?
4
Let g(d) = -d**3 + 5*d**2 + 2. Let u be g(4). Let q be ((-3)/9)/((-2)/u). Let y = 4 - q. What is the units digit of y?
1
Let s(m) = -2*m**3 - 4*m**2 - 4*m + 7. What is the units digit of s(-4)?
7
Let z(q) = 2*q**3 - 12*q**2 - 8*q + 14. Let c be z(6). Let b = 61 + -13. Let s = b + c. What is the units digit of s?
4
Let l be 149/7 - 6/21. Suppose 15 = 3*u - l. What is the units digit of u?
2
Let a be 5/7 - (-2)/7. Suppose b + a = 3. What is the units digit of b - 0 - (-10)/2?
7
Let z = -1 - -3. Let p = -3 + z. What is the tens digit of (-2 + p)/((-3)/15)?
1
Let p(h) = -h**3 + h**2 + 4*h + 4. What is the units digit of p(-3)?
8
What is the tens digit of -3 + (3 - (-166 - 0)) + 0?
6
Let i(y) be the first derivative of -3*y**2 - 3*y + 8. What is the tens digit of i(-3)?
1
Suppose 0 = 5*z + 239 - 1099. What is the tens digit of z?
7
Let k(l) = -3*l**2 - 2*l**2 - 2 - 4*l + l**3 - 3. Let j be k(6). Let p = -1 + j. What is the units digit of p?
6
Let j be (-1 - -25)*(-2)/(-4). Suppose -j = 4*b - 32. Suppose 0 = -b*x - 0*x + 20. What is the units digit of x?
4
Suppose 62*g + 210 = 65*g. What is the tens digit of g?
7
Let y be (-2)/(-3) + (-10)/6. Let f be (-3)/3 + y + 24. Suppose -4*u = 4*b - 9*u - 11, -2*u = 5*b - f. What is the units digit of b?
4
Suppose -r = -4*r - o + 7, 0 = 2*r + 3*o + 7. Let i be 54/10 - r/10. Suppose 0 = -5*f + 11 + 14, 50 = i*h + 4*f. What is the units digit of h?
6
Let k(p) = 8*p**2 - 8*p + 44. What is the units digit of k(7)?
0
What is the tens digit of 0 - (5 - 2) - -16?
1
Let x(p) = p**2 - p + 5. Suppose -3*z = -0*z. Let k be x(z). Suppose k*n + 3*i - i = 55, -62 = -4*n + 2*i. What is the tens digit of n?
1
What is the tens digit of (-6)/14 + (-610)/(-35)?
1
Suppose -3*f = 2*f. Suppose f = -0*q + 5*q - 225. Suppose -q = -4*y - y. What is the units digit of y?
9
Suppose 0 = 4*t - 5*t. Suppose 3*r + d - 133 = t, -3*r = -6*r - 3*d + 123. What is the units digit of r?
6
Let t = -397 - -1077. What is the tens digit of t/15 - (-2)/3?
4
What is the tens digit of 0 - (-52 + 0/(-1))?
5
Let p be 2/4 - (-2)/(-4). Let i = p - 0. Suppose -y - 2*m - 1 = i, 0 = -0*y + 5*y + 5*m - 15. What is the units digit of y?
7
Suppose 3*n = -4*a + 9, 4*a = 2*a. Suppose n*u - 5*u = -4*p - 4, u - 2 = p. Suppose 0 = 3*v - 3*x - p*x - 15, 0 = 2*v + x - 4. What is the units digit of v?
3
Suppose -12 = 2*a - 6*a. Suppose 4*t + 0*t - 104 = 0. Suppose 0*b - t = -5*b + 4*f, -a*b + 4*f = -22. What is the units digit of b?
2
Let i(j) = j**3 - 6*j**2 - 6*j - 5. Let z be i(7). Suppose 0 = -3*a - z*a - n + 48, -3*a = -n - 24. What is the units digit of a + 1 - (1 + -3)?
2
Let a(d) = 4*d**2 - 5*d - 3. What is the units digit of a(4)?
1
Let r(i) = 28*i - 6. What is the units digit of r(2)?
0
Let z = -74 - -83. What is the units digit of z?
9
Suppose -116 = -3*y + 121. What is the tens digit of y?
7
Let r(h) = -6*h**2 - h - 1. Let b be r(-1). What is the units digit of (-30 - 1)/(b - -5)?
1
Suppose -2*u = -g - 11, 2*u - 1 = 5*u + 2*g. Suppose -x = 3*v - 10 - 0, -u*x + 58 = -5*v. What is the tens digit of x?
1
Let x(m) be the third derivative of -m**4/24 + 5*m**3/3 - 2*m**2. What is the units digit of x(6)?
4
Suppose -5*l = j - 11, -3*l + 74 = 4*j + 2*l. Suppose -h = -1, -2*v + j = -v + 2*h. What is the units digit of v?
9
Suppose 4*f - 3*f = -4*g, -g = 4*f - 15. Let b = 19 - g. What is the units digit of b?
0
Suppose 0 = -4*j + 3*f + 2*f + 16, 4*f = -j + 4. Suppose -j*p = -0*p + 5*c - 50, -4*p + 66 = -3*c. What is the tens digit of p?
1
Let l be (-1 - -2)/((-3)/(-15)). Suppose 4*c + 54 = l*h, 32 = 3*h - 5*c - 3. What is the tens digit of h?
1
Let w be (0/(-3))/((-6)/(-2)). Let k(x) = -2*x**2 - 7*x - 13. Let f(d) = -d**2 - 3*d - 6. Let a(c) = -7*f(c) + 3*k(c). What is the units digit of a(w)?
3
Suppose -3*f = 3*n - 102, 2*f = 2*n + 2*n + 80. What is the tens digit of f?
3
Let p be (-1 - -24) + -3 + -2. Suppose 4 - p = -v. What is the tens digit of v?
1
Suppose 5 = -5*o, 4*p + 6*o - 1190 = 4*o. What is the tens digit of p?
9
Suppose 3*u - 4*u + 5*w - 9 = 0, 2*u + 2*w = 18. Let h be u/(-6)*(1 - 6). Let g(z) = 2*z**2 - 6*z - 7. What is the tens digit of g(h)?
1
Let s be ((-2)/(-2))/3*9. Suppose 4*k + 3*d - 6 = s*k, 3*d - 9 = -2*k. What is the units digit of k?
3
Suppose -5*u + 27 = 3*i - 36, 3*u = i + 49. Let r be ((-12)/(-9))/(2/6). Suppose -u = -r*p + 5. What is the units digit of p?
5
Let k(o) = -o**3 - 2*o**2 + 3*o + 2. Let v be k(-3). What is the units digit of (-18)/(-8) - v/8?
2
Suppose 4*k + 190 = 9*k. What is the tens digit of k?
3
Let z = 4 - -5. Let g = z - 4. Suppose k + 24 = g*k. What is the units digit of k?
6
Let p = -92 - -243. What is the tens digit of p?
5
Let b = 119 - 109. What is the tens digit of b?
1
Suppose -5*j = -1208 + 138. What is the units digit of j?
4
Let q(o) = -o**3 - 4*o**2 - 4*o - 3. Let v = -8 + 5. Let k be q(v). Let n = k - -12. What is the units digit of n?
2
Let x(v) = 39*v**3 - 4*v**2 + 7*v - 1. What is the hundreds digit of x(2)?
3
Let q(w) = -w**3 - 2 + 2*w**3 - 2*w**3 + 2*w**2. What is the units digit of q(-2)?
4
Let j = 0 + -4. What is the tens digit of (2/j)/(10/(-680))?
3
Let t = 26 + -20. What is the units digit of t?
6
Let p = 20 - 12. Suppose -p 